{"id":10254,"date":"2026-04-12T10:27:24","date_gmt":"2026-04-12T07:27:24","guid":{"rendered":"https:\/\/esemgoldist.com\/?post_type=product&#038;p=10254"},"modified":"2026-04-12T10:38:31","modified_gmt":"2026-04-12T07:38:31","slug":"925-ayar-nazar-boncuklu-gumus-bileklik","status":"publish","type":"product","link":"https:\/\/esemgoldist.com\/index.php\/urun\/925-ayar-nazar-boncuklu-gumus-bileklik\/","title":{"rendered":"925 AYAR NAZAR BONCUKLU G\u00dcM\u00dc\u015e B\u0130LEKL\u0130K"},"content":{"rendered":"<p>&#8211; 925 ayar g\u00fcm\u00fc\u015ften \u00fcretilmi\u015f, uzun \u00f6m\u00fcrl\u00fc ve kaliteli bir bileklik.; &#8211; G\u00f6z al\u0131c\u0131 nazar boncuk detay\u0131 ile hem \u015f\u0131kl\u0131\u011f\u0131 hem de koruma sembol\u00fcn\u00fc bir arada sunar.; &#8211; Her t\u00fcrl\u00fc k\u0131yafetle kolayca kombinlenebilen zarif tasar\u0131m\u0131yla g\u00fcnl\u00fck kullan\u0131m i\u00e7in idealdir.; &#8211; Sevdiklerinize \u00f6zel bir hediye se\u00e7ene\u011fi olarak tercih edilebilir; anlaml\u0131 ve \u015f\u0131k bir tak\u0131.; &#8211; G\u00fcm\u00fc\u015f\u00fcn do\u011fal parlakl\u0131\u011f\u0131 ve nazar boncu\u011funun enerjisiyle pozitif bir aksesuar deneyimi ya\u015fat\u0131r.; Bileklik boyu 17+3 cm uzatmal\u0131d\u0131r.; \u00dcr\u00fcn a\u011f\u0131rl\u0131\u011f\u0131 7,5 gramd\u0131r.<\/p>\n","protected":false},"excerpt":{"rendered":"<p>&#8211; 925 ayar g\u00fcm\u00fc\u015ften \u00fcretilmi\u015f, uzun \u00f6m\u00fcrl\u00fc ve kaliteli bir bileklik.; &#8211; G\u00f6z al\u0131c\u0131 nazar boncuk detay\u0131 ile hem \u015f\u0131kl\u0131\u011f\u0131<\/p>\n","protected":false},"featured_media":10247,"comment_status":"open","ping_status":"closed","template":"","meta":[],"product_brand":[],"product_cat":[33],"product_tag":[],"class_list":{"0":"post-10254","1":"product","2":"type-product","3":"status-publish","4":"has-post-thumbnail","6":"product_cat-bileklik","8":"first","9":"instock","10":"sale","11":"shipping-taxable","12":"purchasable","13":"product-type-simple"},"_links":{"self":[{"href":"https:\/\/esemgoldist.com\/index.php\/wp-json\/wp\/v2\/product\/10254","targetHints":{"allow":["GET"]}}],"collection":[{"href":"https:\/\/esemgoldist.com\/index.php\/wp-json\/wp\/v2\/product"}],"about":[{"href":"https:\/\/esemgoldist.com\/index.php\/wp-json\/wp\/v2\/types\/product"}],"replies":[{"embeddable":true,"href":"https:\/\/esemgoldist.com\/index.php\/wp-json\/wp\/v2\/comments?post=10254"}],"wp:featuredmedia":[{"embeddable":true,"href":"https:\/\/esemgoldist.com\/index.php\/wp-json\/wp\/v2\/media\/10247"}],"wp:attachment":[{"href":"https:\/\/esemgoldist.com\/index.php\/wp-json\/wp\/v2\/media?parent=10254"}],"wp:term":[{"taxonomy":"product_brand","embeddable":true,"href":"https:\/\/esemgoldist.com\/index.php\/wp-json\/wp\/v2\/product_brand?post=10254"},{"taxonomy":"product_cat","embeddable":true,"href":"https:\/\/esemgoldist.com\/index.php\/wp-json\/wp\/v2\/product_cat?post=10254"},{"taxonomy":"product_tag","embeddable":true,"href":"https:\/\/esemgoldist.com\/index.php\/wp-json\/wp\/v2\/product_tag?post=10254"}],"curies":[{"name":"wp","href":"https:\/\/api.w.org\/{rel}","templated":true}]}}