{"id":10301,"date":"2026-04-13T21:47:26","date_gmt":"2026-04-13T18:47:26","guid":{"rendered":"https:\/\/esemgoldist.com\/?post_type=product&#038;p=10301"},"modified":"2026-04-13T21:50:45","modified_gmt":"2026-04-13T18:50:45","slug":"925-ayar-gunes-ve-ay-ask-gumus-kolye","status":"publish","type":"product","link":"https:\/\/esemgoldist.com\/index.php\/urun\/925-ayar-gunes-ve-ay-ask-gumus-kolye\/","title":{"rendered":"925 AYAR G\u00dcNE\u015e VE AY A\u015eK G\u00dcM\u00dc\u015e KOLYE"},"content":{"rendered":"<p>\u201cG\u00f6klerin A\u015fk\u0131: Ay ve G\u00fcne\u015f Kolyesi\u201d Y\u00fczy\u0131llar \u00f6nce, Ay ve G\u00fcne\u015f birbirine \u00e2\u015f\u0131k olmu\u015ftu.; Fakat kader, onlar\u0131 ayn\u0131 g\u00f6ky\u00fcz\u00fcnde bulu\u015fturmuyordu.; Ay geceye, G\u00fcne\u015f g\u00fcnd\u00fcze aitti.; Her biri di\u011ferini g\u00f6rebilmek i\u00e7in ufuk \u00e7izgisini g\u00f6zler, her do\u011fu\u015fta ve bat\u0131\u015fta kalpleri titrerdi.; Bazen tutulmalarda k\u0131sa bir kavu\u015fma ya\u015fan\u0131r, g\u00f6ky\u00fcz\u00fc bu vuslata tan\u0131kl\u0131k ederdi.; Bu efsane, \u201cAy ve G\u00fcne\u015f Kolyesi\u201dnde yeniden hayat buldu.; \u0130\u00e7 i\u00e7e ge\u00e7mi\u015f iki sembol: biri zarafeti, sezgiyi ve gecenin bilgeli\u011fini temsil eden Ay; di\u011feri g\u00fcc\u00fc, cesareti ve ya\u015fam kayna\u011f\u0131n\u0131 simgeleyen G\u00fcne\u015f.; Her kolye, evrenin dengesini ve tamamlay\u0131c\u0131 a\u015fk\u0131 simgeleyen bu kutsal birliktelikten ilham al\u0131r.; Bu kolye, sadece bir tak\u0131 de\u011fil; ta\u015f\u0131yan ki\u015fiye dengeyi, uyumu ve koruyucu bir enerji alan\u0131n\u0131 hat\u0131rlat\u0131r.; Sevdi\u011finizle birlikte birer par\u00e7a olarak ta\u015f\u0131yabilece\u011finiz, ya da kendi i\u00e7sel dengenizi temsil etmesi i\u00e7in yaln\u0131zca size ait olabilecek \u00f6zel bir sembold\u00fcr.; AY VE G\u00dcNE\u015e BOYUTU 1 TL B\u00dcY\u00dcKL\u00dc\u011e\u00dcNDED\u0130R.; Z\u0130NC\u0130R UZUNLU\u011eU 42+5 CM UZUNLU\u011eUNDADIR.;<\/p>\n","protected":false},"excerpt":{"rendered":"<p>\u201cG\u00f6klerin A\u015fk\u0131: Ay ve G\u00fcne\u015f Kolyesi\u201d Y\u00fczy\u0131llar \u00f6nce, Ay ve G\u00fcne\u015f birbirine \u00e2\u015f\u0131k olmu\u015ftu.; Fakat kader, onlar\u0131 ayn\u0131 g\u00f6ky\u00fcz\u00fcnde bulu\u015fturmuyordu.;<\/p>\n","protected":false},"featured_media":10309,"comment_status":"open","ping_status":"closed","template":"","meta":[],"product_brand":[],"product_cat":[21],"product_tag":[],"class_list":{"0":"post-10301","1":"product","2":"type-product","3":"status-publish","4":"has-post-thumbnail","6":"product_cat-esem-gold","8":"first","9":"instock","10":"shipping-taxable","11":"purchasable","12":"product-type-simple"},"_links":{"self":[{"href":"https:\/\/esemgoldist.com\/index.php\/wp-json\/wp\/v2\/product\/10301","targetHints":{"allow":["GET"]}}],"collection":[{"href":"https:\/\/esemgoldist.com\/index.php\/wp-json\/wp\/v2\/product"}],"about":[{"href":"https:\/\/esemgoldist.com\/index.php\/wp-json\/wp\/v2\/types\/product"}],"replies":[{"embeddable":true,"href":"https:\/\/esemgoldist.com\/index.php\/wp-json\/wp\/v2\/comments?post=10301"}],"wp:featuredmedia":[{"embeddable":true,"href":"https:\/\/esemgoldist.com\/index.php\/wp-json\/wp\/v2\/media\/10309"}],"wp:attachment":[{"href":"https:\/\/esemgoldist.com\/index.php\/wp-json\/wp\/v2\/media?parent=10301"}],"wp:term":[{"taxonomy":"product_brand","embeddable":true,"href":"https:\/\/esemgoldist.com\/index.php\/wp-json\/wp\/v2\/product_brand?post=10301"},{"taxonomy":"product_cat","embeddable":true,"href":"https:\/\/esemgoldist.com\/index.php\/wp-json\/wp\/v2\/product_cat?post=10301"},{"taxonomy":"product_tag","embeddable":true,"href":"https:\/\/esemgoldist.com\/index.php\/wp-json\/wp\/v2\/product_tag?post=10301"}],"curies":[{"name":"wp","href":"https:\/\/api.w.org\/{rel}","templated":true}]}}