{"id":10382,"date":"2026-04-23T22:52:26","date_gmt":"2026-04-23T19:52:26","guid":{"rendered":"https:\/\/esemgoldist.com\/?post_type=product&#038;p=10382"},"modified":"2026-04-23T22:55:01","modified_gmt":"2026-04-23T19:55:01","slug":"925-ayar-zumrut-yesili-zirkon-tasli-damla-gumus-bileklik","status":"publish","type":"product","link":"https:\/\/esemgoldist.com\/index.php\/urun\/925-ayar-zumrut-yesili-zirkon-tasli-damla-gumus-bileklik\/","title":{"rendered":"925 AYAR Z\u00dcMR\u00dcT YE\u015e\u0130L\u0130 Z\u0130RKON TA\u015eLI DAMLA G\u00dcM\u00dc\u015e B\u0130LEKL\u0130K"},"content":{"rendered":"<p>&#8211; 925 ayar g\u00fcm\u00fc\u015f malzeme ile \u00fcretilmi\u015f, uzun \u00f6m\u00fcrl\u00fc ve kaliteli bir bileklik.; &#8211; Z\u00fcmr\u00fct ye\u015fili zirkon ta\u015flarla s\u00fcslenmi\u015f, g\u00f6z al\u0131c\u0131 bir tasar\u0131ma sahip.; &#8211; T\u00fcrkiye&#8217;de \u00fcretilmi\u015f olup, yerel i\u015f\u00e7ili\u011fin ve tasar\u0131m\u0131n kalitesini yans\u0131t\u0131r.; &#8211; Kad\u0131n ve k\u0131zlar i\u00e7in uygun, yeti\u015fkin ya\u015f grubuna hitap eden \u015f\u0131k bir aksesuar.; &#8211; Nemli bir bezle kolayca temizlenebilir, bak\u0131m\u0131n\u0131n pratik olmas\u0131 sayesinde her zaman ilk g\u00fcnk\u00fc gibi parlar.; Bileklik boyu 19 cm isteyene uzatma eklenir<\/p>\n","protected":false},"excerpt":{"rendered":"<p>&#8211; 925 ayar g\u00fcm\u00fc\u015f malzeme ile \u00fcretilmi\u015f, uzun \u00f6m\u00fcrl\u00fc ve kaliteli bir bileklik.; &#8211; Z\u00fcmr\u00fct ye\u015fili zirkon ta\u015flarla s\u00fcslenmi\u015f, g\u00f6z<\/p>\n","protected":false},"featured_media":10384,"comment_status":"open","ping_status":"closed","template":"","meta":[],"product_brand":[],"product_cat":[33,21],"product_tag":[],"class_list":{"0":"post-10382","1":"product","2":"type-product","3":"status-publish","4":"has-post-thumbnail","6":"product_cat-bileklik","7":"product_cat-esem-gold","9":"first","10":"instock","11":"shipping-taxable","12":"purchasable","13":"product-type-simple"},"_links":{"self":[{"href":"https:\/\/esemgoldist.com\/index.php\/wp-json\/wp\/v2\/product\/10382","targetHints":{"allow":["GET"]}}],"collection":[{"href":"https:\/\/esemgoldist.com\/index.php\/wp-json\/wp\/v2\/product"}],"about":[{"href":"https:\/\/esemgoldist.com\/index.php\/wp-json\/wp\/v2\/types\/product"}],"replies":[{"embeddable":true,"href":"https:\/\/esemgoldist.com\/index.php\/wp-json\/wp\/v2\/comments?post=10382"}],"wp:featuredmedia":[{"embeddable":true,"href":"https:\/\/esemgoldist.com\/index.php\/wp-json\/wp\/v2\/media\/10384"}],"wp:attachment":[{"href":"https:\/\/esemgoldist.com\/index.php\/wp-json\/wp\/v2\/media?parent=10382"}],"wp:term":[{"taxonomy":"product_brand","embeddable":true,"href":"https:\/\/esemgoldist.com\/index.php\/wp-json\/wp\/v2\/product_brand?post=10382"},{"taxonomy":"product_cat","embeddable":true,"href":"https:\/\/esemgoldist.com\/index.php\/wp-json\/wp\/v2\/product_cat?post=10382"},{"taxonomy":"product_tag","embeddable":true,"href":"https:\/\/esemgoldist.com\/index.php\/wp-json\/wp\/v2\/product_tag?post=10382"}],"curies":[{"name":"wp","href":"https:\/\/api.w.org\/{rel}","templated":true}]}}