{"id":10393,"date":"2026-04-23T23:21:56","date_gmt":"2026-04-23T20:21:56","guid":{"rendered":"https:\/\/esemgoldist.com\/?post_type=product&#038;p=10393"},"modified":"2026-04-23T23:23:14","modified_gmt":"2026-04-23T20:23:14","slug":"925-ayar-tektas-sallantili-mavi-tasli-gumus-inci-kupe","status":"publish","type":"product","link":"https:\/\/esemgoldist.com\/index.php\/urun\/925-ayar-tektas-sallantili-mavi-tasli-gumus-inci-kupe\/","title":{"rendered":"925 AYAR TEKTA\u015e SALLANTILI MAV\u0130 TA\u015eLI G\u00dcM\u00dc\u015e \u0130NC\u0130 K\u00dcPE"},"content":{"rendered":"<p>&#8211; 925 ayar g\u00fcm\u00fc\u015ften \u00fcretilmi\u015f, uzun \u00f6m\u00fcrl\u00fc ve kaliteli bir aksesuar. &#8211; G\u00f6z al\u0131c\u0131 mavi ta\u015f detaylar\u0131yla dikkat \u00e7eken, \u015f\u0131kl\u0131\u011f\u0131n\u0131z\u0131 tamamlayacak bir tasar\u0131m. &#8211; \u0130nci ta\u015f\u0131n\u0131n zarif \u0131\u015f\u0131lt\u0131s\u0131 ile her ortamda g\u00f6z kama\u015ft\u0131r\u0131n. &#8211; Kad\u0131n ve k\u0131zlar i\u00e7in \u00f6zel olarak tasarlanm\u0131\u015f, her ya\u015f grubuna uygun bir se\u00e7enek. &#8211; T\u00fcrkiye&#8217;de \u00fcretilmi\u015f, yerel i\u015f\u00e7ili\u011fin ve kalitenin birle\u015fti\u011fi bir \u00fcr\u00fcn. &#8211; Nemli bir bezle kolayca temizlenebilir, bak\u0131m\u0131n\u0131n pratik olmas\u0131yla uzun s\u00fcre ilk g\u00fcnk\u00fc gibi kal\u0131r.<\/p>\n","protected":false},"excerpt":{"rendered":"<p>&#8211; 925 ayar g\u00fcm\u00fc\u015ften \u00fcretilmi\u015f, uzun \u00f6m\u00fcrl\u00fc ve kaliteli bir aksesuar. &#8211; G\u00f6z al\u0131c\u0131 mavi ta\u015f detaylar\u0131yla dikkat \u00e7eken, \u015f\u0131kl\u0131\u011f\u0131n\u0131z\u0131<\/p>\n","protected":false},"featured_media":10394,"comment_status":"open","ping_status":"closed","template":"","meta":[],"product_brand":[],"product_cat":[21,42],"product_tag":[],"class_list":{"0":"post-10393","1":"product","2":"type-product","3":"status-publish","4":"has-post-thumbnail","6":"product_cat-esem-gold","7":"product_cat-kupe","9":"first","10":"instock","11":"shipping-taxable","12":"purchasable","13":"product-type-simple"},"_links":{"self":[{"href":"https:\/\/esemgoldist.com\/index.php\/wp-json\/wp\/v2\/product\/10393","targetHints":{"allow":["GET"]}}],"collection":[{"href":"https:\/\/esemgoldist.com\/index.php\/wp-json\/wp\/v2\/product"}],"about":[{"href":"https:\/\/esemgoldist.com\/index.php\/wp-json\/wp\/v2\/types\/product"}],"replies":[{"embeddable":true,"href":"https:\/\/esemgoldist.com\/index.php\/wp-json\/wp\/v2\/comments?post=10393"}],"wp:featuredmedia":[{"embeddable":true,"href":"https:\/\/esemgoldist.com\/index.php\/wp-json\/wp\/v2\/media\/10394"}],"wp:attachment":[{"href":"https:\/\/esemgoldist.com\/index.php\/wp-json\/wp\/v2\/media?parent=10393"}],"wp:term":[{"taxonomy":"product_brand","embeddable":true,"href":"https:\/\/esemgoldist.com\/index.php\/wp-json\/wp\/v2\/product_brand?post=10393"},{"taxonomy":"product_cat","embeddable":true,"href":"https:\/\/esemgoldist.com\/index.php\/wp-json\/wp\/v2\/product_cat?post=10393"},{"taxonomy":"product_tag","embeddable":true,"href":"https:\/\/esemgoldist.com\/index.php\/wp-json\/wp\/v2\/product_tag?post=10393"}],"curies":[{"name":"wp","href":"https:\/\/api.w.org\/{rel}","templated":true}]}}